{"id":29,"date":"2016-05-31T13:03:49","date_gmt":"2016-05-31T12:03:49","guid":{"rendered":"http:\/\/www.codeprim.com\/Production\/?page_id=29"},"modified":"2021-07-26T18:44:32","modified_gmt":"2021-07-26T17:44:32","slug":"marques","status":"publish","type":"page","link":"https:\/\/www.codeprim.com\/index.php\/fr\/marques\/","title":{"rendered":"Marques"},"content":{"rendered":"<div class=\"wpb-content-wrapper\"><p>[vc_row][vc_column][vc_images_carousel images=\u00a0\u00bb32297,32296,31954,31811&Prime; img_size=\u00a0\u00bbfull\u00a0\u00bb onclick=\u00a0\u00bblink_no\u00a0\u00bb speed=\u00a0\u00bb3000&Prime; autoplay=\u00a0\u00bbyes\u00a0\u00bb hide_prev_next_buttons=\u00a0\u00bbyes\u00a0\u00bb wrap=\u00a0\u00bbyes\u00a0\u00bb title=\u00a0\u00bbmarques\u00a0\u00bb][\/vc_column][\/vc_row][vc_row][vc_column][vc_column_text]<\/p>\n<h1>LES\u00a0FABRICANTS COMMERCIALIS\u00c9S ET\/OU\u00a0REPRESENT\u00c9S<\/h1>\n<p><strong>Codeprim-International<\/strong> commercialise et repr\u00e9sente des fabricants sp\u00e9cialis\u00e9s dans les mat\u00e9riaux de construction et plus largement du second \u0153uvre du b\u00e2timent.\u00a0Ces fabricants couvrent la plupart des domaines d&rsquo;utilisation des produits n\u00e9cessaires aux plafonds, cloisons, sols et isolation d&rsquo;un b\u00e2timent public en g\u00e9n\u00e9ral (h\u00f4pitaux, \u00e9ducation, administration, bureaux&#8230;) et b\u00e2timents priv\u00e9s (h\u00f4tels, habitations, logements sociaux&#8230;).[\/vc_column_text][\/vc_column][\/vc_row]<\/p>\n<\/div>","protected":false},"excerpt":{"rendered":"<p>[vc_row][vc_column][vc_images_carousel images=\u00a0\u00bb32297,32296,31954,31811&Prime; img_size=\u00a0\u00bbfull\u00a0\u00bb onclick=\u00a0\u00bblink_no\u00a0\u00bb speed=\u00a0\u00bb3000&Prime; autoplay=\u00a0\u00bbyes\u00a0\u00bb hide_prev_next_buttons=\u00a0\u00bbyes\u00a0\u00bb wrap=\u00a0\u00bbyes\u00a0\u00bb title=\u00a0\u00bbmarques\u00a0\u00bb][\/vc_column][\/vc_row][vc_row][vc_column][vc_column_text] LES\u00a0FABRICANTS COMMERCIALIS\u00c9S ET\/OU\u00a0REPRESENT\u00c9S Codeprim-International commercialise et repr\u00e9sente des fabricants sp\u00e9cialis\u00e9s dans les mat\u00e9riaux de construction et plus largement du second \u0153uvre du b\u00e2timent.\u00a0Ces fabricants couvrent la plupart des domaines d&rsquo;utilisation des produits n\u00e9cessaires aux plafonds, cloisons, sols et isolation d&rsquo;un b\u00e2timent public en g\u00e9n\u00e9ral (h\u00f4pitaux, \u00e9ducation, [&hellip;]<a href=\"https:\/\/www.codeprim.com\/index.php\/fr\/marques\/\" class=\"df-link-excerpt\">Continue reading<\/a><\/p>\n","protected":false},"author":6,"featured_media":0,"parent":0,"menu_order":0,"comment_status":"closed","ping_status":"closed","template":"","meta":{"footnotes":""},"class_list":["post-29","page","type-page","status-publish","hentry"],"_links":{"self":[{"href":"https:\/\/www.codeprim.com\/index.php\/wp-json\/wp\/v2\/pages\/29","targetHints":{"allow":["GET"]}}],"collection":[{"href":"https:\/\/www.codeprim.com\/index.php\/wp-json\/wp\/v2\/pages"}],"about":[{"href":"https:\/\/www.codeprim.com\/index.php\/wp-json\/wp\/v2\/types\/page"}],"author":[{"embeddable":true,"href":"https:\/\/www.codeprim.com\/index.php\/wp-json\/wp\/v2\/users\/6"}],"replies":[{"embeddable":true,"href":"https:\/\/www.codeprim.com\/index.php\/wp-json\/wp\/v2\/comments?post=29"}],"version-history":[{"count":0,"href":"https:\/\/www.codeprim.com\/index.php\/wp-json\/wp\/v2\/pages\/29\/revisions"}],"wp:attachment":[{"href":"https:\/\/www.codeprim.com\/index.php\/wp-json\/wp\/v2\/media?parent=29"}],"curies":[{"name":"wp","href":"https:\/\/api.w.org\/{rel}","templated":true}]}}