{"id":32055,"date":"2017-01-24T13:05:08","date_gmt":"2017-01-24T12:05:08","guid":{"rendered":"http:\/\/www.codeprim.com\/Production\/?page_id=32055"},"modified":"2017-05-12T17:44:13","modified_gmt":"2017-05-12T16:44:13","slug":"materiaux-de-construction","status":"publish","type":"page","link":"https:\/\/www.codeprim.com\/index.php\/fr\/produits\/materiaux-de-construction\/","title":{"rendered":"Mat\u00e9riaux de construction"},"content":{"rendered":"<div class=\"wpb-content-wrapper\"><p>[vc_row][vc_column width=\u00a0\u00bb1\/2&Prime;][vc_accordion active_tab=\u00a0\u00bbfalse\u00a0\u00bb collapsible=\u00a0\u00bbyes\u00a0\u00bb][vc_accordion_tab title=\u00a0\u00bbPLAFONDS\u00a0\u00bb][vc_column_text css_animation=\u00a0\u00bbappear\u00a0\u00bb]<span style=\"color: #ff0000;\"><strong>FAUX PLAFONDS:<\/strong><\/span>\u00a0dalles min\u00e9rales m\u00e9talliques, bois, laine de verre \/ de roche + ossatures<\/p>\n<p><span style=\"color: #ff0000;\"><strong>PLAFONDS ACOUSTIQUES<\/strong><\/span>[\/vc_column_text][\/vc_accordion_tab][vc_accordion_tab title=\u00a0\u00bbPLAQUES ET CARREAUX DE PLATRE CLOISONS \/ PLAFONDS\u00a0\u00bb][vc_column_text css_animation=\u00a0\u00bbappear\u00a0\u00bb]<span style=\"color: #ff0000;\"><strong>PLAQUES: <\/strong><\/span>Standard, hydro, feu<\/p>\n<p><span style=\"color: #ff0000;\"><strong>ACCESSOIRES: <\/strong><\/span>Enduits, mortiers, bandes \u00e0 joints, adh\u00e9sifs[\/vc_column_text][\/vc_accordion_tab][vc_accordion_tab title=\u00a0\u00bbOSSATURES POUR FAUX-PLAFONDS ET CLOISONS\u00a0\u00bb][vc_column_text css_animation=\u00a0\u00bbappear\u00a0\u00bb]Syst\u00e8mes ossatures faux-plafonds complets (primaire, secondaire)<\/p>\n<p>Syst\u00e8mes ossatures cloisons<\/p>\n<p>Combinaison ossatures tous types et dalles, carreaux, plaques de pl\u00e2tre, enduits, bandes \u00e0 joints en un m\u00eame TC[\/vc_column_text][\/vc_accordion_tab][vc_accordion_tab title=\u00a0\u00bbISOLATION \/ \u00c9TANCH\u00c9IT\u00c9 \u00ab\u00a0][vc_column_text css_animation=\u00a0\u00bbappear\u00a0\u00bb]Laine de verre, laine de roche<\/p>\n<p>Etanch\u00e9it\u00e9 sous rev\u00eatement<\/p>\n<p>Isolants minces[\/vc_column_text][\/vc_accordion_tab][vc_accordion_tab title=\u00a0\u00bbFEN\u00caTRES, CHASSIS NACO\u00a0\u00bb][vc_column_text css_animation=\u00a0\u00bbappear\u00a0\u00bb]<strong><span style=\"color: #ff0000;\">CHASSIS DE FENETRES A LAMES ORIENTABLES TYPE NACO:\u00a0<\/span><\/strong>Acier galvanis\u00e9, Aluminium brut ou anodis\u00e9, Lames de verre claires ou imprim\u00e9es<\/p>\n<p><span style=\"color: #ff0000;\"><strong>FENETRES:\u00a0<\/strong><\/span>PVC, ALU[\/vc_column_text][\/vc_accordion_tab][vc_accordion_tab title=\u00a0\u00bbPANNEAUX STRATIFI\u00c9S\u00a0\u00bb][vc_column_text css_animation=\u00a0\u00bbappear\u00a0\u00bb]<strong><span style=\"color: #ff0000;\">ABET LAMINATI:<\/span><\/strong> Stratifi\u00e9s HPL, Panneaux MEG[\/vc_column_text][\/vc_accordion_tab][vc_accordion_tab title=\u00a0\u00bbREV\u00caTEMENT DE SOL\u00a0\u00bb][vc_column_text css_animation=\u00a0\u00bbappear\u00a0\u00bb]PVC, Linol\u00e9um, parquet flottant stratifi\u00e9, moquette[\/vc_column_text][\/vc_accordion_tab][vc_accordion_tab title=\u00a0\u00bbPIN SYLVESTRE \/ BARDAGES \/ LAMES \u00c0 VOLETS ET TERRASSE \/ CLINS \/ PLINTHES \/ MOULURES\u00a0\u00bb][vc_column_text css_animation=\u00a0\u00bbappear\u00a0\u00bb]Charpente bois, contreplaqu\u00e9, moulures, bois de calage, panneaux[\/vc_column_text][\/vc_accordion_tab][vc_accordion_tab title=\u00a0\u00bbCIMENT COLLE \u00ab\u00a0][vc_column_text css_animation=\u00a0\u00bbappear\u00a0\u00bb]Pour carrelages, sols, PVC, moquettes[\/vc_column_text][\/vc_accordion_tab][vc_accordion_tab title=\u00a0\u00bbGAMME B\u00c2TIMENT \u00ab\u00a0][vc_column_text css_animation=\u00a0\u00bbappear\u00a0\u00bb]<span style=\"color: #ff0000;\"><strong>PRODUITS DE RAGREAGE<\/strong><\/span><\/p>\n<p><span style=\"color: #ff0000;\"><strong>BATIMENT:<\/strong>\u00a0<\/span>Adjuvants b\u00e9ton, R\u00e9paration des b\u00e9tons<\/p>\n<p><strong><span style=\"color: #ff0000;\">ENDUITS: <\/span><\/strong>pr\u00e9paration de supports<\/p>\n<p><strong><span style=\"color: #ff0000;\"> LIANTS<\/span><\/strong>[\/vc_column_text][\/vc_accordion_tab][\/vc_accordion][\/vc_column][vc_column width=\u00a0\u00bb1\/2&Prime;][vc_accordion active_tab=\u00a0\u00bbfalse\u00a0\u00bb collapsible=\u00a0\u00bbyes\u00a0\u00bb][vc_accordion_tab title=\u00a0\u00bbPORTES ET BLOCS PORTES\u00a0\u00bb][vc_column_text css_animation=\u00a0\u00bbappear\u00a0\u00bb]<strong><span style=\"color: #ff0000;\">HUISSERIES BOIS \/ METAL &#8211; PLACARDS:<\/span><\/strong> blocs portes \u00e0 peindre avec huisseries bois, pr\u00e9-laqu\u00e9s<\/p>\n<p><span style=\"color: #ff0000;\"><strong>FORT PARTENARIAT EXCLUSIF AVEC LE GROUPE DEYA<\/strong><\/span>\u00a0: fabricant fran\u00e7ais de portes techniques, blocs-portes et placards<\/p>\n<p><span style=\"color: #ff0000;\"><strong>BLOCFER<\/strong><\/span>\u00a0: bloc postes techniques<\/p>\n<p><span style=\"color: #ff0000;\"><strong>ROLER<\/strong><\/span>:\u00a0placards<\/p>\n<p><span style=\"color: #ff0000;\"><strong>PAC DAMAS<\/strong><\/span>:\u00a0Blocs portes techniques acier<\/p>\n<p><span style=\"color: #ff0000;\"><strong>EDAC<\/strong><\/span>: huisseries m\u00e9talliques[\/vc_column_text][\/vc_accordion_tab][vc_accordion_tab title=\u00a0\u00bbFILM BATIMENT\u00a0\u00bb][vc_column_text css_animation=\u00a0\u00bbappear\u00a0\u00bb]Transparent, noir, anti-termites, g\u00e9otextiles[\/vc_column_text][\/vc_accordion_tab][vc_accordion_tab title=\u00a0\u00bbPLAQUES ONDULEES FIBRO-CIMENT (sans amiante)\u00a0\u00bb][vc_column_text][\/vc_column_text][\/vc_accordion_tab][vc_accordion_tab title=\u00a0\u00bbCIMENTS\/ BITUMES\/ OCRES NATURELS\u00a0\u00bb][vc_column_text]<\/p>\n<h3><strong><span style=\"text-decoration: underline; color: #0000ff;\">CIMENTS (en sacs\/en big bags):<\/span><\/strong><\/h3>\n<p><span style=\"color: #ff0000;\"><b>BLANCS<\/b><\/span><\/p>\n<p><span style=\"color: #ff0000;\"><b>GRIS:<\/b><\/span>\u00a0Portland, Prise mer<\/p>\n<p><strong><span style=\"color: #ff0000;\">SPECIAUX<\/span><\/strong><\/p>\n<h3><span style=\"text-decoration: underline; color: #0000ff;\"><strong>BITUMES:<\/strong><\/span><\/h3>\n<p>60\/70<\/p>\n<p>80\/100<\/p>\n<p>F\u00fbts neufs ou reconditionn\u00e9s<\/p>\n<h3><span style=\"text-decoration: underline; color: #0000ff;\">OCRES \u00a0NATURELS:<\/span><\/h3>\n<p>Jaune, Rouge, Noir<\/p>\n<p>Plus de 50 nuances propos\u00e9es<\/p>\n<p>&nbsp;<\/p>\n<h3><\/h3>\n<p>&nbsp;<\/p>\n<p>[\/vc_column_text][\/vc_accordion_tab][vc_accordion_tab title=\u00a0\u00bbTUBES ET ACCESSOIRES\/ EVIERS\/ SANITAIRES\u00a0\u00bb][vc_column_text css_animation=\u00a0\u00bbappear\u00a0\u00bb]<\/p>\n<h3><span style=\"text-decoration: underline; color: #0000ff;\">TUBES ET ACCESSOIRES:<\/span><\/h3>\n<h4><span style=\"color: #339966;\">POUR ADDUCTION ET ASSAINISSEMENT:<\/span><\/h4>\n<p><span style=\"color: #ff0000;\"><strong>ACCESSOIRES:\u00a0<\/strong><\/span>Raccords, Tampons, Manchons, R\u00e9ductions, Coudes, Manchettes, T\u00e9s, Culottes<\/p>\n<p><strong><span style=\"color: #ff0000;\">TUBES:<\/span>\u00a0<\/strong><span style=\"color: #333333;\">Poly\u00e9thyl\u00e8ne, PEHD, PVC, PVC bi-orient\u00e9, Polypropyl\u00e8ne<\/span><\/p>\n<p>&nbsp;<\/p>\n<h3><span style=\"text-decoration: underline; color: #0000ff;\">EVIERS:<\/span><\/h3>\n<p>Inox\/R\u00e9sine<\/p>\n<p>Avec\/Sans \u00e9gouttoir<\/p>\n<p>Un\/Deux bac(s)<\/p>\n<h3><span style=\"text-decoration: underline;\"><span style=\"color: #0000ff; text-decoration: underline;\">SANITAIRES:<\/span><\/span><\/h3>\n<p>Lavabos, WC, Bacs de douche, Robinetterie, Meubles de salle de bain<\/p>\n<p>[\/vc_column_text][\/vc_accordion_tab][vc_accordion_tab title=\u00a0\u00bbCARRELAGE \/ PIERRES NATURELLES\u00a0\u00bb][vc_column_text css_animation=\u00a0\u00bbappear\u00a0\u00bb]<span style=\"color: #ff0000;\"><b>GRES CERAME:<\/b><\/span> mat &#8211; poli \/ \u00e9maill\u00e9 sol et mur, Gr\u00e8s c\u00e9rame 5&#215;5<\/p>\n<p><span style=\"color: #ff0000;\"><b>FAIENCE<\/b><\/span><\/p>\n<p><span style=\"color: #ff0000;\"><b>QUARTZITE:<\/b><\/span> pierre naturelle et ardoise du Br\u00e9sil[\/vc_column_text][\/vc_accordion_tab][vc_accordion_tab title=\u00a0\u00bbEQUIPEMENTS DE PROTECTION INDIVIDUELLE ET V\u00caTEMENTS DE TRAVAIL (EPI) \u00ab\u00a0][vc_column_text]Marque Caterpillar (CAT)<\/p>\n<p>Marque Timberland<\/p>\n<p>Gants, Lunettes, Casques, Chaussures de s\u00e9curit\u00e9, Equipements anti-chute[\/vc_column_text][\/vc_accordion_tab][vc_accordion_tab title=\u00a0\u00bbFOUSSIER\u00a0\u00bb][vc_column_text css_animation=\u00a0\u00bbappear\u00a0\u00bb]Quincaillerie b\u00e2timent, Ameublement, Outillage, Boulonnerie, Visserie[\/vc_column_text][\/vc_accordion_tab][vc_accordion_tab title=\u00a0\u00bbFILASSE PEINTURES MEUBLES DE JARDIN \/ BOIS \/ DECK\u00a0\u00bb][vc_column_text][\/vc_column_text][\/vc_accordion_tab][\/vc_accordion][\/vc_column][\/vc_row][vc_column][\/vc_column]<\/p>\n<\/div>","protected":false},"excerpt":{"rendered":"<p>[vc_row][vc_column width=\u00a0\u00bb1\/2&Prime;][vc_accordion active_tab=\u00a0\u00bbfalse\u00a0\u00bb collapsible=\u00a0\u00bbyes\u00a0\u00bb][vc_accordion_tab title=\u00a0\u00bbPLAFONDS\u00a0\u00bb][vc_column_text css_animation=\u00a0\u00bbappear\u00a0\u00bb]FAUX PLAFONDS:\u00a0dalles min\u00e9rales m\u00e9talliques, bois, laine de verre \/ de roche + ossatures PLAFONDS ACOUSTIQUES[\/vc_column_text][\/vc_accordion_tab][vc_accordion_tab title=\u00a0\u00bbPLAQUES ET CARREAUX DE PLATRE CLOISONS \/ PLAFONDS\u00a0\u00bb][vc_column_text css_animation=\u00a0\u00bbappear\u00a0\u00bb]PLAQUES: Standard, hydro, feu ACCESSOIRES: Enduits, mortiers, bandes \u00e0 joints, adh\u00e9sifs[\/vc_column_text][\/vc_accordion_tab][vc_accordion_tab title=\u00a0\u00bbOSSATURES POUR FAUX-PLAFONDS ET CLOISONS\u00a0\u00bb][vc_column_text css_animation=\u00a0\u00bbappear\u00a0\u00bb]Syst\u00e8mes ossatures faux-plafonds complets (primaire, secondaire) Syst\u00e8mes ossatures cloisons Combinaison ossatures [&hellip;]<a href=\"https:\/\/www.codeprim.com\/index.php\/fr\/produits\/materiaux-de-construction\/\" class=\"df-link-excerpt\">Continue reading<\/a><\/p>\n","protected":false},"author":6,"featured_media":0,"parent":25,"menu_order":0,"comment_status":"closed","ping_status":"closed","template":"","meta":{"footnotes":""},"class_list":["post-32055","page","type-page","status-publish","hentry"],"_links":{"self":[{"href":"https:\/\/www.codeprim.com\/index.php\/wp-json\/wp\/v2\/pages\/32055","targetHints":{"allow":["GET"]}}],"collection":[{"href":"https:\/\/www.codeprim.com\/index.php\/wp-json\/wp\/v2\/pages"}],"about":[{"href":"https:\/\/www.codeprim.com\/index.php\/wp-json\/wp\/v2\/types\/page"}],"author":[{"embeddable":true,"href":"https:\/\/www.codeprim.com\/index.php\/wp-json\/wp\/v2\/users\/6"}],"replies":[{"embeddable":true,"href":"https:\/\/www.codeprim.com\/index.php\/wp-json\/wp\/v2\/comments?post=32055"}],"version-history":[{"count":0,"href":"https:\/\/www.codeprim.com\/index.php\/wp-json\/wp\/v2\/pages\/32055\/revisions"}],"up":[{"embeddable":true,"href":"https:\/\/www.codeprim.com\/index.php\/wp-json\/wp\/v2\/pages\/25"}],"wp:attachment":[{"href":"https:\/\/www.codeprim.com\/index.php\/wp-json\/wp\/v2\/media?parent=32055"}],"curies":[{"name":"wp","href":"https:\/\/api.w.org\/{rel}","templated":true}]}}